/(-9894)) composite?
True
Let f = -389 + 669. Suppose 3*m - 1113 = -0*m. Suppose f = 4*y - i, -i = 5*y + 3*i - m. Is y a composite number?
False
Suppose 5*c + 7*b - 2*b = -15, 2*b - 6 = 0. Let d = -2537 + 549. Is d/c - (-2)/(-6) composite?
False
Let n(i) = -10*i + 5. Let k be n(-1). Is 998/3*k/10 composite?
False
Let w(k) = 24*k**3 + 2*k**2 + 24*k - 3. Is w(8) prime?
False
Let t(h) = -151*h - 6. Let q be t(-5). Suppose -540 = 5*m - 5*s, m - 5*s = -19 - 89. Let x = q + m. Is x composite?
False
Let i = 31 - 77. Let l = i + -168. Let j = -1 - l. Is j composite?
True
Suppose -2*o + 20790 = 5*p - 37601, -5*p + 58379 = -2*o. Is p a composite number?
False
Suppose -24 = -0*c - 4*c - 3*a, 0 = -c + a - 1. Suppose -c*z - 3*r = -5070, 8*r = 3*z + 4*r - 5091. Is z a composite number?
False
Is -4 - (-4 - 6/((-30)/(-57595))) composite?
False
Suppose -8*l = -9*l - 5*s + 163074, -652313 = -4*l - 3*s. Is l a composite number?
True
Let o(r) = 142*r**2 + 17*r + 38. Is o(9) composite?
True
Let b(t) = -1181*t**3 - 6*t**2 - 12*t + 3. Is b(-2) a composite number?
True
Let r be -21*2/(-4) + 2/4. Is 11/(r/2392) - 3 prime?
True
Let f(z) = z + 7. Let c be f(-2). Suppose 0 = -5*p - 2*d + 11267, -1 + 6 = c*d. Is p composite?
True
Let s = 43 - 34. Let m(w) = 35*w**2 + 6*w + 8. Is m(s) a prime number?
True
Suppose -2*f + 18 = 3*o, -4*o + 10 = 4*f - 18. Let w be (-2)/o*1*-4. Suppose 4*t - a = 167, 4*t - w*a - 3*a - 147 = 0. Is t a composite number?
False
Is ((-23356)/5)/(-6 - (-140)/25) composite?
True
Let m(h) = 1029*h + 445. Is m(4) a composite number?
False
Let z be 4 - (5 - (0 - -1)). Suppose z = -4*m + 4*d + 12, -20 = -3*m + m - 5*d. Is 2332/m - (-15)/25 prime?
True
Let p = 29942 - 12963. Is p prime?
True
Suppose 2*s + c = -3*c - 1190, 2*c = 5*s + 2999. Let f = 918 + s. Is f a composite number?
True
Let x = -9 + 16. Let j(o) = 58*o + o**3 + o**2 - 65*o - 3*o**2 + x. Is j(5) a prime number?
True
Suppose -124 = -3*b + 4*h - 753, 0 = -3*b + 2*h - 625. Is 2*(b/(-6) + 0) composite?
True
Let z(m) = -3*m + 4 - 1 + 1 - 3. Let g be z(4). Let w = 80 + g. Is w a prime number?
False
Let m = 1397 - 551. Suppose 2*p - 840 = -t + 3*t, -m = -2*p - t. Is p a prime number?
False
Let s be (-5 + 0)*407*-1. Suppose 2*o - 5309 + s = 0. Is o prime?
True
Suppose -c - 5448 = -4*p, -3*p + 2516 + 1575 = -2*c. Is p a composite number?
False
Suppose y - 39797 = -5*n + 6*n, -2*y - 9*n + 79638 = 0. Is y composite?
True
Let l(f) = 114*f - 17. Is l(6) prime?
False
Is (18/(-24))/3*-4*12611 composite?
False
Let x be (-3 - -1)/(-2) + 3. Suppose -4*k = -2*i - 6, 5*i = -0*k - x*k - 15. Let c(b) = -2*b + 377. Is c(k) prime?
False
Let f(b) = b - 15. Let a be f(8). Let m(x) = -36*x - 1. Is m(a) a prime number?
True
Suppose -u + 2*d = -2051, 165*u - 160*u - 3*d = 10255. Is u prime?
False
Suppose 816 = 2*v + 4*g, 2085 = 5*v - 8*g + 3*g. Let o = 4495 + v. Is o a composite number?
False
Suppose 21*c = 8*c + 4654. Let w = 609 - c. Is w a composite number?
False
Let g(v) = 24*v**3 - 2*v**2 - 12*v + 9. Is g(5) a composite number?
True
Let z(o) = 15*o**2 - 2*o - 25. Is z(-12) prime?
False
Is (160/(-240))/(((-4)/(-10821))/(-2)) prime?
True
Let i(q) = -q - 3. Let y be i(-4). Suppose -x = -3 + y. Suppose -80 = -5*p - 5*r, -3*r - 2*r + x = -p. Is p a prime number?
True
Let l be (-1)/4 + (-82)/(-8). Suppose 75 = -3*q - r, 0 = 4*r - r. Let u = l - q. Is u composite?
True
Let w(t) be the third derivative of t**4/8 + 557*t**3/6 - 15*t**2. Is w(0) a composite number?
False
Let v = -1462 - -4180. Let j = -1459 + v. Is j a prime number?
True
Suppose -11769 = -d + 2*r, -3*d + r + 628 = -34654. Is d a composite number?
True
Suppose 60*n - 64*n = 0. Suppose -6*q + 1390 + 1520 = n. Is q a composite number?
True
Let v = -42 - -46. Suppose -6587 = v*u - 5*x - 16982, -5*u + 13050 = 5*x. Is u prime?
False
Let q be (-5007)/4 - (-2)/(-8). Let l = -871 - q. Is l a prime number?
False
Let w(y) be the first derivative of 28*y**3/3 - 19*y**2/2 - 6*y + 9. Let r(o) be the first derivative of w(o). Is r(13) prime?
True
Suppose -2*c + 13833 = 7*c. Is c prime?
False
Suppose 16*o = -141647 + 372975. Is o composite?
True
Suppose w = -4*p + 19, -p + 29 = 2*w - 2*p. Suppose w = 2*h + 5*k, -h + 9 = h + 3*k. Suppose h = -5*x + 384 + 281. Is x a composite number?
True
Let r = 2679 + -1710. Let v = r + 1636. Is v prime?
False
Let j(o) = 69*o**2 - o. Let n be j(-2). Suppose -2*d = -d + 3*v - 78, 2*v + n = 3*d. Let w = d - -37. Is w a composite number?
False
Let b(m) = -2*m**3 + 12*m**2 - 3*m + 13. Let k be b(-13). Suppose k = 2*g + i - 1046, -5*g + 18807 = -i. Is g a prime number?
True
Let g(u) = -894*u**2 + 2*u + 2. Let l be g(1). Is ((-1)/(-2))/(5/(l/(-1))) a composite number?
False
Is (0/4 - -2609)/((-2)/(-2)) a prime number?
True
Let m be -11 + -79 + (-1 - 0). Let r = m + 205. Let x = r - -137. Is x prime?
True
Let x = -49 + 55. Let q(z) = 3*z**3 - 10*z**2 + 14*z - 5. Is q(x) a prime number?
True
Suppose 4*l - 58 = 130. Let w = l - -17. Let v = w - -63. Is v composite?
False
Let i(j) = 1115*j - 32. Let v be i(3). Let t = v + -1746. Is t prime?
True
Let y(u) = 15*u**3 + u**2 - 2*u + 1. Suppose f + 4*f - 155 = 0. Let h = -29 + f. Is y(h) composite?
True
Let i be ((-3)/6)/((-1)/12). Let b(u) = 2*u**2 + 3*u + 4. Let j be b(i). Let g = j - 45. Is g a composite number?
True
Suppose 5*g + 3*h - 71525 = 0, 29*h - 30*h - 71505 = -5*g. Is g a composite number?
True
Let r be 216/(-288) - (-50)/(-8). Let f(t) be the third derivative of t**5/60 - t**4/4 - 7*t**3/3 + t**2. Is f(r) prime?
False
Let z = 2266 - -6823. Is z composite?
True
Suppose 5*y + 153 = -0*u + u, -u = 5*y + 147. Let l = -18 - y. Is (-4)/24 - (-422)/l prime?
False
Let x be -1*(-3 - (0 + 4)). Let k = x - 8. Is (104 + k + 3)/2 a composite number?
False
Suppose -3*h - h = a - 27447, 4*h = -2*a + 27442. Is h prime?
True
Let y(q) = -q**2 - 11*q - 3. Let t be y(-5). Let l(b) = 0 + 5*b - 2*b - 2*b + t. Is l(-12) a prime number?
False
Let t(l) = -1787*l + 2. Let x be t(-1). Let q = -986 + x. Is q a composite number?
True
Suppose -26 = -a - 3*l, 2*a = -0*a + 4*l + 22. Suppose 8 = a*d - 13*d. Suppose -165 = -d*t + 133. Is t prime?
True
Let i(s) = -2*s**3 + 2*s**2 + 8*s - 5. Let x be (-9)/(7/2 - 2). Is i(x) prime?
False
Suppose 4*b = 7*b - 282. Let h = 223 - b. Suppose 1212 = 4*f + 4*j, -747 + h = -2*f + j. Is f a prime number?
True
Let p = 334 + -117. Is p composite?
True
Let z(b) = 4*b + 3. Let r be z(-2). Is (-2 + r)*(-38)/2 prime?
False
Let s = 1454 - 711. Is s a prime number?
True
Suppose 16*q - 73219 = 92685. Is q prime?
True
Suppose 3*n + 5*o - 9204 = 0, -12286 = -4*n + 2*o - 4*o. Is n a prime number?
False
Let b(h) = -4*h + 3 + 2*h + 4 + 4*h**2 + 11*h**3 + 3*h**3. Is b(5) a prime number?
True
Let p(i) = 34*i - 5. Let b be (-17)/(-6) - (-5)/30. Is p(b) a composite number?
False
Let q(y) = y**2 + 3*y - 1. Let g be q(-4). Let c be (-5 - -35)*68/g. Suppose 0 = 2*v - c - 1098. Is v composite?
True
Let a(s) = 70*s - 9. Let t be (6 - 0/(-4)) + 0. Is a(t) a composite number?
True
Suppose -5*h - 2*a = 5, 2 = h - 3*h - 2*a. Is 1/2 - (-73)/(-2)*h a composite number?
False
Let o be (2/(-4))/(13/(-208)). Let m(u) = 28*u - 3. Is m(o) a prime number?
False
Let i(s) = 13538*s**2 + 8*s - 3. Is i(1) a composite number?
True
Suppose -5538 = -5*t + 3127. Is t a prime number?
True
Let n = 10386 + -2305. Is n prime?
True
Let n(b) = 5661*b**3 - b**2. Let h be n(1). Suppose -7*y - h + 2076 = 0. Let r = y + 1001. Is r composite?
True
Suppose -l = -1 - 520. Is l a prime number?
True
Suppose 5*n - n + 5*f + 24 = 0, 5*f + 17 = 3*n. Is (-471)/6*((0 - 1) + n) composite?
False
Let i(o) = 44*o + 6. Let b = -25 + 24. Let c(j) = -j + 1. Let x(w) = b*i(w) + 3*c(w). Is x(-4) prime?
False
Is 2727 - (-5)/(-10 + 5) - 5 composite?
True
Suppose -3*j - 2 = -11. Suppose 2*b = 5*d + 16, -4*b = -5*d + j - 25. Is (-2)/(b - (-717)/(-237)) composite?
False
Suppose p + 74 = -5*c, 5*p - 2*c + 5*c = -436. Suppose y - 267 + 81 = 0. Let r = p + y. Is r a composite number?
False
Suppose 0 = 4*l + 4*w - 200, -6*l = -2*l - 2*w - 194. Is l a composite number?
True
Suppose -7*p + 15*p - 88 = 0. Let l(u) be the third derivative of -u**5/60 + 23*u**4/24 - 5*u**3/6 - 3*u**2. Is l(p) a composite number?
False
Suppose 2*j = -3*j - 80. Is (-4020)/j - 3/12 com